s divided by 237?
210
Calculate the remainder when 43942 is divided by 254.
0
What is the remainder when 98194 is divided by 3927?
19
What is the remainder when 1476 is divided by 62?
50
Calculate the remainder when 1588 is divided by 1584.
4
What is the remainder when 155590 is divided by 802?
2
Calculate the remainder when 507581 is divided by 16.
13
What is the remainder when 1733442 is divided by 15?
12
What is the remainder when 7502 is divided by 60?
2
Calculate the remainder when 9551 is divided by 245.
241
What is the remainder when 72148 is divided by 26?
24
What is the remainder when 902 is divided by 129?
128
What is the remainder when 59801 is divided by 11952?
41
What is the remainder when 2959 is divided by 2959?
0
What is the remainder when 1892 is divided by 29?
7
Calculate the remainder when 34591 is divided by 1647.
4
Calculate the remainder when 2215 is divided by 1896.
319
What is the remainder when 55987 is divided by 389?
360
What is the remainder when 70349 is divided by 7?
6
Calculate the remainder when 74127 is divided by 156.
27
What is the remainder when 324763 is divided by 36084?
7
What is the remainder when 27357 is divided by 147?
15
What is the remainder when 49298 is divided by 159?
8
What is the remainder when 4567 is divided by 131?
113
Calculate the remainder when 2639 is divided by 2574.
65
What is the remainder when 717870 is divided by 13?
10
Calculate the remainder when 15213 is divided by 253.
33
What is the remainder when 350659 is divided by 2947?
2913
Calculate the remainder when 39270 is divided by 1060.
50
What is the remainder when 57200 is divided by 6351?
41
What is the remainder when 6046 is divided by 265?
216
Calculate the remainder when 2825261 is divided by 578.
575
What is the remainder when 7181 is divided by 11?
9
Calculate the remainder when 29865 is divided by 515.
510
Calculate the remainder when 22829 is divided by 571.
560
What is the remainder when 36189 is divided by 358?
31
What is the remainder when 35697 is divided by 915?
12
Calculate the remainder when 1781 is divided by 100.
81
Calculate the remainder when 62565 is divided by 41.
40
What is the remainder when 212376 is divided by 473?
472
What is the remainder when 199176 is divided by 287?
285
What is the remainder when 8733 is divided by 223?
36
What is the remainder when 5471 is divided by 14?
11
Calculate the remainder when 17501 is divided by 1164.
41
What is the remainder when 85510 is divided by 21?
19
What is the remainder when 1212 is divided by 154?
134
What is the remainder when 208057 is divided by 223?
221
What is the remainder when 44258 is divided by 2766?
2
Calculate the remainder when 2628 is divided by 80.
68
Calculate the remainder when 90629 is divided by 307.
64
Calculate the remainder when 11535 is divided by 88.
7
Calculate the remainder when 34780 is divided by 180.
40
What is the remainder when 8180 is divided by 692?
568
What is the remainder when 3993 is divided by 363?
0
Calculate the remainder when 594 is divided by 472.
122
Calculate the remainder when 5145 is divided by 2509.
127
Calculate the remainder when 11714 is divided by 5856.
2
Calculate the remainder when 549210 is divided by 7.
4
Calculate the remainder when 50184 is divided by 697.
0
Calculate the remainder when 5767 is divided by 384.
7
Calculate the remainder when 1074 is divided by 931.
143
Calculate the remainder when 50997 is divided by 204.
201
What is the remainder when 102797 is divided by 47?
8
Calculate the remainder when 78994 is divided by 200.
194
Calculate the remainder when 11015 is divided by 3553.
356
What is the remainder when 542428 is divided by 15?
13
What is the remainder when 88556 is divided by 328?
324
What is the remainder when 330843 is divided by 57?
15
Calculate the remainder when 388808 is divided by 90.
8
What is the remainder when 1614710 is divided by 88?
86
Calculate the remainder when 1340436 is divided by 23.
19
What is the remainder when 552 is divided by 136?
8
What is the remainder when 3050 is divided by 11?
3
What is the remainder when 536772 is divided by 75?
72
What is the remainder when 41869 is divided by 51?
49
What is the remainder when 17036 is divided by 123?
62
Calculate the remainder when 10890 is divided by 50.
40
What is the remainder when 11813 is divided by 11795?
18
What is the remainder when 44570 is divided by 29?
26
Calculate the remainder when 5418 is divided by 489.
39
What is the remainder when 426 is divided by 138?
12
Calculate the remainder when 35651 is divided by 2228.
3
Calculate the remainder when 16286 is divided by 634.
436
Calculate the remainder when 19816 is divided by 346.
94
Calculate the remainder when 9900 is divided by 80.
60
What is the remainder when 338023 is divided by 124?
123
What is the remainder when 41573 is divided by 15?
8
What is the remainder when 26473 is divided by 2206?
1
Calculate the remainder when 13140 is divided by 187.
50
What is the remainder when 22765 is divided by 873?
67
What is the remainder when 42747 is divided by 19?
16
What is the remainder when 5409 is divided by 149?
45
Calculate the remainder when 3017 is divided by 379.
364
Calculate the remainder when 214284 is divided by 53568.
12
Calculate the remainder when 6328 is divided by 158.
8
Calculate the remainder when 1367 is divided by 457.
453
Calculate the remainder when 26550 is divided by 187.
183
Calculate the remainder when 746 is divided by 83.
82
Calculate the remainder when 914 is divided by 20.
14
What is the remainder when 2524069 is divided by 1459?
1458
Calculate the remainder when 605495 is divided by 700.
695
What is the remainder when 4553 is divided by 32?
9
Calculate the remainder when 146 is divided by 127.
19
Calculate the remainder when 2558886 is divided by 20.
6
What is the remainder when 7864 is divided by 154?
10
Calculate the remainder when 464068 is divided by 10.
8
What is the remainder when 369395 is divided by 1106?
1097
What is the remainder when 1701 is divided by 256?
165
What is the remainder when 5242 is divided by 743?
41
What is the remainder when 93834 is divided by 15637?
12
What is the remainder when 7209 is divided by 401?
392
Calculate the remainder when 1447 is divided by 476.
19
Calculate the remainder when 1525 is divided by 516.
493
Calculate the remainder when 2439 is divided by 111.
108
Calculate the remainder when 72566 is divided by 2267.
22
Calculate the remainder when 2100 is divided by 1010.
80
Calculate the remainder when 2035980 is divided by 437.
434
What is the remainder when 32253 is divided by 42?
39
Calculate the remainder when 34250 is divided by 17109.
32
What is the remainder when 15741 is divided by 1048?
21
What is the remainder when 225764 is divided by 226?
216
Calculate the remainder when 955380 is divided by 989.
6
Calculate the remainder when 83576 is divided by 75.
26
What is the remainder when 228016 is divided by 659?
2
What is the remainder when 2701 is divided by 1345?
11
What is the remainder when 270325 is divided by 384?
373
What is the remainder when 2920 is divided by 224?
8
Calculate the remainder when 42568 is divided by 1773.
16
Calculate the remainder when 147127 is divided by 61.
56
What is the remainder when 10754 is divided by 2679?
38
Calculate the remainder when 12628 is divided by 108.
100
Calculate the remainder when 8106 is divided by 99.
87
Calculate the remainder when 2328065 is divided by 26.
25
What is the remainder when 1222 is divided by 1094?
128
What is the remainder when 8532 is divided by 4259?
14
Calculate the remainder when 29380 is divided by 701.
639
What is the remainder when 94800 is divided by 173?
169
Calculate the remainder when 37509 is divided by 15.
9
Calculate the remainder when 62119 is divided by 828.
19
What is the remainder when 10043 is divided by 173?
9
Calculate the remainder when 8767 is divided by 494.
369
What is the remainder when 1844 is divided by 643?
558
What is the remainder when 77308 is divided by 256?
252
What is the remainder when 806 is divided by 32?
6
What is the remainder when 84130 is divided by 54?
52
Calculate the remainder when 39295 is divided by 252.
235
Calculate the remainder when 282708 is divided by 64.
20
Calculate the r